{"id":1838,"date":"2024-12-20T10:40:14","date_gmt":"2024-12-20T09:40:14","guid":{"rendered":"https:\/\/cargese-locations.fr\/Blog\/?page_id=1838"},"modified":"2025-09-18T11:18:43","modified_gmt":"2025-09-18T09:18:43","slug":"a-faire","status":"publish","type":"page","link":"https:\/\/cargese-locations.fr\/Blog\/","title":{"rendered":"Que voir et que faire \u00e0 Carg\u00e8se et ses environs ?"},"content":{"rendered":"\n<h2 class=\"wp-block-heading has-medium-font-size\"><strong>_ <a href=\"https:\/\/cargese-locations.fr\/Blog\/agenda-articles\/\">Agenda des \u00e9v\u00e9nements \u00e0 Carg\u00e8se et environs.<\/a><\/strong><\/h2>\n\n\n\n<ul class=\"wp-block-list\">\n<li class=\"has-small-font-size\"><a href=\"https:\/\/cargese-locations.fr\/Blog\/agenda-articles\/\"><strong>Expositions, Concerts, Manifestations sportives, March\u00e9s..<\/strong><\/a><\/li>\n<\/ul>\n\n\n\n<p class=\"has-small-font-size\"><br><strong>Carg\u00e8se, charmant village situ\u00e9 sur la c\u00f4te ouest de la Corse, est connu pour ses paysages magnifiques, ses plages et son histoire unique marqu\u00e9e par l&rsquo;influence grecque. Voici quelques lieux incontournables \u00e0 visiter \u00e0 Carg\u00e8se :<\/strong><\/p>\n\n\n\n<h2 class=\"wp-block-heading has-medium-font-size\"><strong>_ Les plages.<\/strong><\/h2>\n\n\n\n<ul class=\"wp-block-list\">\n<li class=\"has-small-font-size\"><strong><a href=\"https:\/\/cargese-locations.fr\/Blog\/plage-chiuni\/\">Chiuni.<\/a><\/strong><\/li>\n\n\n\n<li class=\"has-small-font-size\"><strong><a href=\"https:\/\/cargese-locations.fr\/Blog\/plage-peru\/\">Peru<\/a><\/strong>.<\/li>\n\n\n\n<li class=\"has-small-font-size\"><strong><a href=\"https:\/\/cargese-locations.fr\/Blog\/plage-menasina\/\">Menasina<\/a><\/strong>.<\/li>\n\n\n\n<li class=\"has-small-font-size\"><strong><a href=\"https:\/\/cargese-locations.fr\/Blog\/plage-capizzolu\/\">Capizzolu<\/a><\/strong>.<\/li>\n\n\n\n<li class=\"has-small-font-size\"><strong><a href=\"https:\/\/cargese-locations.fr\/Blog\/plage-stagnoli\/\">Stagnoli<\/a><\/strong>.<\/li>\n<\/ul>\n\n\n\n<h2 class=\"wp-block-heading has-medium-font-size\"><strong>_ Les Eglises<\/strong>.<\/h2>\n\n\n\n<ul class=\"wp-block-list\">\n<li class=\"has-small-font-size\"><strong><a href=\"https:\/\/cargese-locations.fr\/Blog\/eglise-grecque\/\">Eglise \u00ab\u00a0Grecque.\u00a0\u00bb<\/a><\/strong><\/li>\n\n\n\n<li class=\"has-small-font-size\"><strong>Eglise \u00ab\u00a0latine\u00a0\u00bb.<\/strong><\/li>\n<\/ul>\n\n\n\n<h2 class=\"wp-block-heading has-medium-font-size\">_ Randonn\u00e9es et promenades.<\/h2>\n\n\n\n<ul class=\"wp-block-list\">\n<li class=\"has-small-font-size\"><strong>U Puntiglione.<\/strong><\/li>\n\n\n\n<li class=\"has-small-font-size\"><strong>Tour d&rsquo;Umigna.<\/strong><\/li>\n\n\n\n<li class=\"has-small-font-size\"><strong>Tour d&rsquo;Urchinu.<\/strong><\/li>\n\n\n\n<li class=\"has-small-font-size\"><strong>Tra mare i monti.<\/strong><\/li>\n<\/ul>\n\n\n\n<h2 class=\"wp-block-heading has-medium-font-size\"><strong>_ <\/strong>Les services et activit\u00e9s de loisirs.<\/h2>\n\n\n\n<ul class=\"wp-block-list\">\n<li class=\"has-small-font-size\"><strong><a href=\"https:\/\/cargese-locations.fr\/Blog\/excursions-en-mer\/\">Excursions et promenades en mer<\/a><\/strong>.<\/li>\n\n\n\n<li class=\"has-small-font-size\"><strong><a href=\"https:\/\/cargese-locations.fr\/Blog\/location-de-bateaux-jetski\/\">Location de bateaux et Jet-skis<\/a><\/strong>.<\/li>\n\n\n\n<li class=\"has-small-font-size\"><strong><a href=\"https:\/\/cargese-locations.fr\/Blog\/plongee-snorkeling\/\">Centres de plong\u00e9e et balades palm\u00e9es.<\/a><\/strong><\/li>\n\n\n\n<li class=\"has-small-font-size\"><strong><a href=\"https:\/\/cargese-locations.fr\/Blog\/activites-equestres\/\">Centres \u00e9questres.<\/a><\/strong><\/li>\n\n\n\n<li class=\"has-small-font-size\"><a href=\"https:\/\/cargese-locations.fr\/Blog\/balades-en-vtt\/\"><strong>V\u00e9los et VTT, Location et balades<\/strong>.<\/a><\/li>\n<\/ul>\n\n\n\n<h2 class=\"wp-block-heading has-medium-font-size\"><a href=\"https:\/\/cargese-locations.fr\/Blog\/marches-artisans-producteurs\"><strong>_ <\/strong>March\u00e9s des artisans &amp; producteurs. Carg\u00e8se, Vico, Sagone.<\/a><\/h2>\n\n\n\n<div class=\"wp-block-columns is-layout-flex wp-container-core-columns-is-layout-9d6595d7 wp-block-columns-is-layout-flex\">\n<div class=\"wp-block-column is-layout-flow wp-block-column-is-layout-flow\" style=\"flex-basis:100%\">\n<h2 class=\"wp-block-heading has-medium-font-size\">_ <a href=\"https:\/\/www.facebook.com\/profile.php?id=61572586152095\">Spaziu cuturale \u00ab\u00a0Natale Rochiccioli\u00a0\u00bb.<\/a><\/h2>\n<\/div>\n<\/div>\n\n\n\n<p><\/p>\n","protected":false},"excerpt":{"rendered":"<p>_ Agenda des \u00e9v\u00e9nements \u00e0 Carg\u00e8se et environs. Carg\u00e8se, charmant village situ\u00e9 sur la c\u00f4te ouest de la Corse, est connu pour ses paysages magnifiques, ses plages et son histoire unique marqu\u00e9e par l&rsquo;influence grecque. Voici quelques lieux incontournables \u00e0 visiter \u00e0 Carg\u00e8se : _ Les plages. _ Les Eglises. _ Randonn\u00e9es et promenades. _&#8230;<\/p>\n","protected":false},"author":1,"featured_media":0,"parent":0,"menu_order":0,"comment_status":"closed","ping_status":"closed","template":"","meta":{"_kad_post_transparent":"","_kad_post_title":"","_kad_post_layout":"","_kad_post_sidebar_id":"","_kad_post_content_style":"boxed","_kad_post_vertical_padding":"","_kad_post_feature":"","_kad_post_feature_position":"","_kad_post_header":true,"_kad_post_footer":false,"_kad_post_classname":"","footnotes":""},"class_list":["post-1838","page","type-page","status-publish","hentry"],"yoast_head":"<!-- This site is optimized with the Yoast SEO plugin v27.5 - https:\/\/yoast.com\/product\/yoast-seo-wordpress\/ -->\n<title>A faire \u00e0 Carg\u00e8se.<\/title>\n<meta name=\"description\" content=\"Activit\u00e9s, et \u00e9v\u00e8nements \u00e0 faire et \u00e0 suivre \u00e0 Carg\u00e8se..\" \/>\n<meta name=\"robots\" content=\"index, follow, max-snippet:-1, max-image-preview:large, max-video-preview:-1\" \/>\n<link rel=\"canonical\" href=\"https:\/\/cargese-locations.fr\/Blog\/\" \/>\n<meta property=\"og:locale\" content=\"fr_FR\" \/>\n<meta property=\"og:type\" content=\"article\" \/>\n<meta property=\"og:title\" content=\"A faire \u00e0 Carg\u00e8se.\" \/>\n<meta property=\"og:description\" content=\"Activit\u00e9s, et \u00e9v\u00e8nements \u00e0 faire et \u00e0 suivre \u00e0 Carg\u00e8se..\" \/>\n<meta property=\"og:url\" content=\"https:\/\/cargese-locations.fr\/Blog\/\" \/>\n<meta property=\"og:site_name\" content=\"Tout ce qui est \u00e0 voir, \u00e0 savoir , \u00e0 faire et \u00e0 visiter, \u00e0 Carg\u00e8se.\" \/>\n<meta property=\"article:publisher\" content=\"https:\/\/www.facebook.com\/CargeseLocations\/\" \/>\n<meta property=\"article:modified_time\" content=\"2025-09-18T09:18:43+00:00\" \/>\n<meta name=\"twitter:card\" content=\"summary_large_image\" \/>\n<meta name=\"twitter:label1\" content=\"Dur\u00e9e de lecture estim\u00e9e\" \/>\n\t<meta name=\"twitter:data1\" content=\"1 minute\" \/>\n<script type=\"application\/ld+json\" class=\"yoast-schema-graph\">{\"@context\":\"https:\\\/\\\/schema.org\",\"@graph\":[{\"@type\":\"WebPage\",\"@id\":\"https:\\\/\\\/cargese-locations.fr\\\/Blog\\\/\",\"url\":\"https:\\\/\\\/cargese-locations.fr\\\/Blog\\\/\",\"name\":\"A faire \u00e0 Carg\u00e8se.\",\"isPartOf\":{\"@id\":\"https:\\\/\\\/cargese-locations.fr\\\/Blog\\\/#website\"},\"datePublished\":\"2024-12-20T09:40:14+00:00\",\"dateModified\":\"2025-09-18T09:18:43+00:00\",\"description\":\"Activit\u00e9s, et \u00e9v\u00e8nements \u00e0 faire et \u00e0 suivre \u00e0 Carg\u00e8se..\",\"breadcrumb\":{\"@id\":\"https:\\\/\\\/cargese-locations.fr\\\/Blog\\\/#breadcrumb\"},\"inLanguage\":\"fr-FR\",\"potentialAction\":[{\"@type\":\"ReadAction\",\"target\":[\"https:\\\/\\\/cargese-locations.fr\\\/Blog\\\/\"]}]},{\"@type\":\"BreadcrumbList\",\"@id\":\"https:\\\/\\\/cargese-locations.fr\\\/Blog\\\/#breadcrumb\",\"itemListElement\":[{\"@type\":\"ListItem\",\"position\":1,\"name\":\"Accueil\",\"item\":\"https:\\\/\\\/cargese-locations.fr\\\/Blog\\\/\"},{\"@type\":\"ListItem\",\"position\":2,\"name\":\"Que voir et que faire \u00e0 Carg\u00e8se et ses environs ?\"}]},{\"@type\":\"WebSite\",\"@id\":\"https:\\\/\\\/cargese-locations.fr\\\/Blog\\\/#website\",\"url\":\"https:\\\/\\\/cargese-locations.fr\\\/Blog\\\/\",\"name\":\"Tout ce qui est \u00e0 voir, \u00e0 savoir , \u00e0 faire et \u00e0 visiter, \u00e0 Carg\u00e8se.\",\"description\":\"Tout ce qu&#039;il y a, a voir, a savoir , a faire et a visiter, a Cargese et dans ses environs..\",\"publisher\":{\"@id\":\"https:\\\/\\\/cargese-locations.fr\\\/Blog\\\/#organization\"},\"potentialAction\":[{\"@type\":\"SearchAction\",\"target\":{\"@type\":\"EntryPoint\",\"urlTemplate\":\"https:\\\/\\\/cargese-locations.fr\\\/Blog\\\/?s={search_term_string}\"},\"query-input\":{\"@type\":\"PropertyValueSpecification\",\"valueRequired\":true,\"valueName\":\"search_term_string\"}}],\"inLanguage\":\"fr-FR\"},{\"@type\":\"Organization\",\"@id\":\"https:\\\/\\\/cargese-locations.fr\\\/Blog\\\/#organization\",\"name\":\"Tout ce qui est \u00e0 voir, \u00e0 savoir , \u00e0 faire et \u00e0 visiter, \u00e0 Carg\u00e8se.\",\"url\":\"https:\\\/\\\/cargese-locations.fr\\\/Blog\\\/\",\"logo\":{\"@type\":\"ImageObject\",\"inLanguage\":\"fr-FR\",\"@id\":\"https:\\\/\\\/cargese-locations.fr\\\/Blog\\\/#\\\/schema\\\/logo\\\/image\\\/\",\"url\":\"https:\\\/\\\/cargese-locations.fr\\\/Blog\\\/wp-content\\\/uploads\\\/2025\\\/02\\\/cropped-cropped-cropped-CargeseLoc-1.webp\",\"contentUrl\":\"https:\\\/\\\/cargese-locations.fr\\\/Blog\\\/wp-content\\\/uploads\\\/2025\\\/02\\\/cropped-cropped-cropped-CargeseLoc-1.webp\",\"width\":1100,\"height\":75,\"caption\":\"Tout ce qui est \u00e0 voir, \u00e0 savoir , \u00e0 faire et \u00e0 visiter, \u00e0 Carg\u00e8se.\"},\"image\":{\"@id\":\"https:\\\/\\\/cargese-locations.fr\\\/Blog\\\/#\\\/schema\\\/logo\\\/image\\\/\"},\"sameAs\":[\"https:\\\/\\\/www.facebook.com\\\/CargeseLocations\\\/\",\"https:\\\/\\\/www.instagram.com\\\/cargese_locations\\\/\",\"https:\\\/\\\/www.pinterest.fr\\\/cargeselocation\\\/\",\"https:\\\/\\\/www.youtube.com\\\/channel\\\/UCMycAdrV_YwTxfnOyaTw2CA\\\/\"]}]}<\/script>\n<!-- \/ Yoast SEO plugin. -->","yoast_head_json":{"title":"A faire \u00e0 Carg\u00e8se.","description":"Activit\u00e9s, et \u00e9v\u00e8nements \u00e0 faire et \u00e0 suivre \u00e0 Carg\u00e8se..","robots":{"index":"index","follow":"follow","max-snippet":"max-snippet:-1","max-image-preview":"max-image-preview:large","max-video-preview":"max-video-preview:-1"},"canonical":"https:\/\/cargese-locations.fr\/Blog\/","og_locale":"fr_FR","og_type":"article","og_title":"A faire \u00e0 Carg\u00e8se.","og_description":"Activit\u00e9s, et \u00e9v\u00e8nements \u00e0 faire et \u00e0 suivre \u00e0 Carg\u00e8se..","og_url":"https:\/\/cargese-locations.fr\/Blog\/","og_site_name":"Tout ce qui est \u00e0 voir, \u00e0 savoir , \u00e0 faire et \u00e0 visiter, \u00e0 Carg\u00e8se.","article_publisher":"https:\/\/www.facebook.com\/CargeseLocations\/","article_modified_time":"2025-09-18T09:18:43+00:00","twitter_card":"summary_large_image","twitter_misc":{"Dur\u00e9e de lecture estim\u00e9e":"1 minute"},"schema":{"@context":"https:\/\/schema.org","@graph":[{"@type":"WebPage","@id":"https:\/\/cargese-locations.fr\/Blog\/","url":"https:\/\/cargese-locations.fr\/Blog\/","name":"A faire \u00e0 Carg\u00e8se.","isPartOf":{"@id":"https:\/\/cargese-locations.fr\/Blog\/#website"},"datePublished":"2024-12-20T09:40:14+00:00","dateModified":"2025-09-18T09:18:43+00:00","description":"Activit\u00e9s, et \u00e9v\u00e8nements \u00e0 faire et \u00e0 suivre \u00e0 Carg\u00e8se..","breadcrumb":{"@id":"https:\/\/cargese-locations.fr\/Blog\/#breadcrumb"},"inLanguage":"fr-FR","potentialAction":[{"@type":"ReadAction","target":["https:\/\/cargese-locations.fr\/Blog\/"]}]},{"@type":"BreadcrumbList","@id":"https:\/\/cargese-locations.fr\/Blog\/#breadcrumb","itemListElement":[{"@type":"ListItem","position":1,"name":"Accueil","item":"https:\/\/cargese-locations.fr\/Blog\/"},{"@type":"ListItem","position":2,"name":"Que voir et que faire \u00e0 Carg\u00e8se et ses environs ?"}]},{"@type":"WebSite","@id":"https:\/\/cargese-locations.fr\/Blog\/#website","url":"https:\/\/cargese-locations.fr\/Blog\/","name":"Tout ce qui est \u00e0 voir, \u00e0 savoir , \u00e0 faire et \u00e0 visiter, \u00e0 Carg\u00e8se.","description":"Tout ce qu&#039;il y a, a voir, a savoir , a faire et a visiter, a Cargese et dans ses environs..","publisher":{"@id":"https:\/\/cargese-locations.fr\/Blog\/#organization"},"potentialAction":[{"@type":"SearchAction","target":{"@type":"EntryPoint","urlTemplate":"https:\/\/cargese-locations.fr\/Blog\/?s={search_term_string}"},"query-input":{"@type":"PropertyValueSpecification","valueRequired":true,"valueName":"search_term_string"}}],"inLanguage":"fr-FR"},{"@type":"Organization","@id":"https:\/\/cargese-locations.fr\/Blog\/#organization","name":"Tout ce qui est \u00e0 voir, \u00e0 savoir , \u00e0 faire et \u00e0 visiter, \u00e0 Carg\u00e8se.","url":"https:\/\/cargese-locations.fr\/Blog\/","logo":{"@type":"ImageObject","inLanguage":"fr-FR","@id":"https:\/\/cargese-locations.fr\/Blog\/#\/schema\/logo\/image\/","url":"https:\/\/cargese-locations.fr\/Blog\/wp-content\/uploads\/2025\/02\/cropped-cropped-cropped-CargeseLoc-1.webp","contentUrl":"https:\/\/cargese-locations.fr\/Blog\/wp-content\/uploads\/2025\/02\/cropped-cropped-cropped-CargeseLoc-1.webp","width":1100,"height":75,"caption":"Tout ce qui est \u00e0 voir, \u00e0 savoir , \u00e0 faire et \u00e0 visiter, \u00e0 Carg\u00e8se."},"image":{"@id":"https:\/\/cargese-locations.fr\/Blog\/#\/schema\/logo\/image\/"},"sameAs":["https:\/\/www.facebook.com\/CargeseLocations\/","https:\/\/www.instagram.com\/cargese_locations\/","https:\/\/www.pinterest.fr\/cargeselocation\/","https:\/\/www.youtube.com\/channel\/UCMycAdrV_YwTxfnOyaTw2CA\/"]}]}},"_links":{"self":[{"href":"https:\/\/cargese-locations.fr\/Blog\/wp-json\/wp\/v2\/pages\/1838","targetHints":{"allow":["GET"]}}],"collection":[{"href":"https:\/\/cargese-locations.fr\/Blog\/wp-json\/wp\/v2\/pages"}],"about":[{"href":"https:\/\/cargese-locations.fr\/Blog\/wp-json\/wp\/v2\/types\/page"}],"author":[{"embeddable":true,"href":"https:\/\/cargese-locations.fr\/Blog\/wp-json\/wp\/v2\/users\/1"}],"replies":[{"embeddable":true,"href":"https:\/\/cargese-locations.fr\/Blog\/wp-json\/wp\/v2\/comments?post=1838"}],"version-history":[{"count":112,"href":"https:\/\/cargese-locations.fr\/Blog\/wp-json\/wp\/v2\/pages\/1838\/revisions"}],"predecessor-version":[{"id":3282,"href":"https:\/\/cargese-locations.fr\/Blog\/wp-json\/wp\/v2\/pages\/1838\/revisions\/3282"}],"wp:attachment":[{"href":"https:\/\/cargese-locations.fr\/Blog\/wp-json\/wp\/v2\/media?parent=1838"}],"curies":[{"name":"wp","href":"https:\/\/api.w.org\/{rel}","templated":true}]}}